alse
Is 3 a factor of 831?
True
Does 61 divide 8540?
True
Is 1127 a multiple of 4?
False
Is 26 a factor of 984?
False
Is 50596 a multiple of 364?
True
Is 5 a factor of 342?
False
Is 3534 a multiple of 57?
True
Is 22 a factor of 8932?
True
Is 11 a factor of 21233?
False
Is 53800 a multiple of 166?
False
Does 15 divide 1935?
True
Is 4 a factor of 197?
False
Is 713 a multiple of 13?
False
Is 30 a factor of 369?
False
Does 42 divide 9702?
True
Is 7 a factor of 1385?
False
Does 150 divide 372?
False
Does 39 divide 858?
True
Is 3048 a multiple of 24?
True
Does 26 divide 78?
True
Is 86 a factor of 8993?
False
Does 40 divide 240?
True
Does 55 divide 19089?
False
Is 69 a factor of 775?
False
Does 4 divide 14133?
False
Does 265 divide 13515?
True
Is 1008 a multiple of 16?
True
Is 19352 a multiple of 8?
True
Is 324 a multiple of 6?
True
Does 31 divide 3224?
True
Does 12 divide 6612?
True
Does 10 divide 14336?
False
Does 91 divide 2639?
True
Does 9 divide 1771?
False
Is 218 a multiple of 3?
False
Does 258 divide 73788?
True
Is 1762 even?
True
Does 89 divide 12323?
False
Is 858 a multiple of 4?
False
Does 27 divide 486?
True
Does 13 divide 1135?
False
Is 6 a factor of 2007?
False
Is 40703 a multiple of 85?
False
Is 28 a factor of 5796?
True
Is 13552 a multiple of 22?
True
Is 895 a multiple of 3?
False
Is 24434 a multiple of 37?
False
Is 144 a factor of 29664?
True
Is 14750 a multiple of 36?
False
Is 27021 a multiple of 28?
False
Is 8936 a multiple of 8?
True
Does 16 divide 224?
True
Does 8 divide 2944?
True
Is 23521 a multiple of 43?
True
Is 719 a multiple of 6?
False
Is 26 a factor of 137?
False
Does 11 divide 493?
False
Is 2011 a multiple of 11?
False
Is 52 a factor of 17467?
False
Is 13 a factor of 860?
False
Is 5632 a multiple of 11?
True
Does 10 divide 14370?
True
Is 12 a factor of 533?
False
Is 1687 a multiple of 30?
False
Is 84 a factor of 21311?
False
Is 12597 a multiple of 160?
False
Does 8 divide 856?
True
Is 3395 a multiple of 97?
True
Does 103 divide 1030?
True
Is 44 a factor of 3608?
True
Is 5 a factor of 270?
True
Is 36 a factor of 3351?
False
Is 11 a factor of 35464?
True
Is 8 a factor of 1072?
True
Is 4873 a multiple of 21?
False
Does 71 divide 809?
False
Is 26663 a multiple of 13?
True
Does 73 divide 27667?
True
Is 1334 a multiple of 14?
False
Does 5 divide 81?
False
Does 21 divide 6779?
False
Does 19 divide 8532?
False
Is 910 a multiple of 13?
True
Is 17 a factor of 45179?
False
Is 12 a factor of 8960?
False
Is 98502 a multiple of 117?
False
Does 9 divide 158?
False
Does 23 divide 57660?
False
Is 33 a factor of 494?
False
Is 83048 a multiple of 60?
False
Does 15 divide 1290?
True
Is 5 a factor of 5545?
True
Is 878 a multiple of 7?
False
Is 27846 a multiple of 74?
False
Does 3 divide 395?
False
Is 13230 a multiple of 42?
True
Does 73 divide 730?
True
Is 15 a multiple of 4?
False
Does 10 divide 320?
True
Is 18304 a multiple of 59?
False
Is 729 a multiple of 27?
True
Is 450 a multiple of 30?
True
Does 16 divide 1168?
True
Is 32 a factor of 441?
False
Does 12 divide 47294?
False
Is 3234 a multiple of 33?
True
Does 7 divide 10808?
True
Is 52 a factor of 397?
False
Is 4 a factor of 2858?
False
Is 101 a factor of 15554?
True
Is 13 a factor of 11452?
False
Does 4 divide 447?
False
Is 28 a factor of 4202?
False
Is 99 a factor of 1089?
True
Is 42 a factor of 336?
True
Does 47 divide 1811?
False
Is 9 a factor of 234?
True
Is 4962 a multiple of 33?
False
Is 52 a factor of 4450?
False
Does 13 divide 2938?
True
Is 50 a multiple of 10?
True
Does 25 divide 27250?
True
Is 42348 a multiple of 12?
True
Is 6779 a multiple of 12?
False
Does 8 divide 8040?
True
Is 33 a factor of 18645?
True
Does 23 divide 4140?
True
Is 21412 a multiple of 101?
True
Does 2 divide 60?
True
Is 521 a multiple of 47?
False
Is 6 a factor of 4201?
False
Is 55 a factor of 110?
True
Does 38 divide 521?
False
Is 61480 a multiple of 119?
False
Does 12 divide 6072?
True
Is 9 a factor of 17856?
True
Does 3 divide 3798?
True
Is 803 even?
False
Does 80 divide 7200?
True
Does 44 divide 1528?
False
Is 1074 a multiple of 3?
True
Does 45 divide 19665?
True
Does 11 divide 6695?
False
Is 10080 a multiple of 63?
True
Is 54217 a multiple of 44?
False
Is 20 a factor of 21620?
True
Is 13 a factor of 74815?
True
Does 64 divide 16326?
False
Does 102 divide 408?
True
Is 10 a factor of 9713?
False
Does 12 divide 24680?
False
Is 243 a multiple of 9?
True
Is 5510 a multiple of 95?
True
Is 33 a factor of 1419?
True
Is 69 a factor of 9453?
True
Is 43 a factor of 24188?
False
Is 16423 a multiple of 29?
False
Is 34 a factor of 170?
True
Does 14 divide 3203?
False
Is 21 a factor of 864?
False
Is 6 a factor of 524?
False
Is 283 a factor of 53204?
True
Is 40 a multiple of 3?
False
Is 87 a factor of 8091?
True
Is 220 a multiple of 29?
False
Is 2 a factor of 3?
False
Is 887 a multiple of 32?
False
Is 2001 a multiple of 17?
False
Is 20 a factor of 10080?
True
Is 250 a factor of 95750?
True
Is 119 a factor of 39151?
True
Does 7 divide 180?
False
Is 1482 a multiple of 78?
True
Is 24 a factor of 624?
True
Is 817 a multiple of 28?
False
Is 10547 a multiple of 34?
False
Is 12894 a multiple of 13?
False
Is 9352 a multiple of 14?
True
Is 1035 a multiple of 5?
True
Does 24 divide 864?
True
Is 10 a factor of 1286?
False
Does 311 divide 21865?
False
Does 217 divide 8897?
True
Is 5 a factor of 216?
False
Is 4 a factor of 24?
True
Is 11 a factor of 13607?
True
Is 7 a factor of 238?
True
Is 958 a multiple of 14?
False
Does 23 divide 1265?
True
Is 10 a factor of 260?
True
Is 8284 a multiple of 9?
False
Is 156 a multiple of 52?
True
Is 15 a factor of 20210?
False
Is 120 a multiple of 6?
True
Is 93 a factor of 2079?
False
Is 73586 a multiple of 12?
False
Does 29 divide 406?
True
Does 61 divide 660?
False
Does 18 divide 4590?
True
Is 8706 a multiple of 26?
False
Is 1879 a multiple of 28?
False
Does 55 divide 12925?
True
Is 2977 a multiple of 4?
False
Does 6 divide 246?
True
Is 1577 a multiple of 40?
False
Is 3609 a multiple of 51?
False
Does 25 divide 239?
False
Is 1785 a multiple of 12?
False
Is 13 a factor of 163?
False
Does 10 divide 610?
True
Does 56 divide 672?
True
Is 89 a factor of 23674?
True
Does 5 divide 185?
True
Is 10180 a multiple of 10?
True
Does 10 divide 330?
True
Is 5 a factor of 996?
False
Does 2 divide 279?
False
Is 6120 a multiple of 8?
True
Is 6 a factor of 4802?
False
Is 26097 a multiple of 3?
True
Does 11 divide 1795?
False
Is 20 a factor of 7260?
True
Does 6 divide 14064?
True
Is 10081 a multiple of 169?
False
Is 1225 a multiple of 35?
True
Is 11 a factor of 18425?
True
Is 11 a factor of 10989?
True
Does 91 divide 2120?
False
Does 3 divide 614?
False
Is 86 a factor of 344?
True
Is 1513 a multiple of 89?
True
Does 10 divide 840?
True
Is 62 a factor of 2108?
True
Does 10 divide 5400?
True
Is 52 a factor of 1022?
False
Is 82 a factor of 3280?
True
Is 165 a factor of 53566?
False
Does 40 divide 5200?
True
Is 12 a factor of 563?
False
Is 2352 a multiple of 14?
True
Is 316 a multiple of 2?
True
Is 47 a factor of 105623?
False
Is 552 a multiple of 6?
True
Is 11 a factor of 451?
True
Is 7098 a multiple of 91?
True
Does 9 divide 409?
False
Is 1200 a multiple of 80?
True
Does 19 divide 6137?
True
Does 2 divide 1289?
False
Is 1440 a multiple of 8?
True
Is 4678 a multiple of 100?
False
Does 30 divide 2100?
True
Does 70 divide 10640?
True
Is 15 a factor of 2130?
True
Does 22 divide 1184?
False
Does 11 divide 176?
True
Is 77 a factor of 5249?
False
Does 66 divide 447?
False
Is 20 a factor of 129977?
False
Is 86 a factor of 17598?
False
Is 66 a factor of 9282?
False
Is 30 a factor of 19410?
True
Is 8 a factor of 768?
True
Does 65 divide 65?
True
Does 30 divide 1762?
False
Does 63 divide 29547?
True
Is 17 a factor of 63036?
True
Is 121 a factor of 3993?
True
Is 6 a factor of 7906?
False
Is 107 a multiple of 9?
False
Does 20 divide 2196?
False
Is 258 a factor of 32429?
False
Is 10 a factor of 442?
False
Is 9 a factor of 35055?
True
Is 46 a factor of 20424?
True
Is 6300 a multiple of 90?
True
Does 22 divide 10893?
False
Is 264 a multiple of 44?
True
Is 285 a multiple of 19?
True
Is 4576 a multiple of 6?
False
Does 10 divide 22860?
True
Is 3038 a multiple of 62?
True
Does 4 divide 4928?
True
Is 33 a factor of 594?
True
Is 1